e
Let z = -33 + 33. Suppose 6*v + 9 - 39 = z. Suppose -3677 - 1098 = -v*c. Is c composite?
True
Suppose -5*u - 4*h + 118151 = -4*u, -5*h + 118148 = u. Is u composite?
False
Is (-22681016)/(-928) - (-30)/(-8) a composite number?
True
Suppose -3*z - 4*o = -748 - 801, -4 = 2*o. Suppose -4*s + 1988 = 2*d - 0*d, -s + z = -5*d. Is s a prime number?
True
Let f(i) = -i**3 + 17*i**2 - 8*i - 1. Suppose 3*o - 51 + 12 = 0. Is f(o) prime?
True
Suppose 115*w - 90*w - 94504332 = -131*w. Is w a prime number?
False
Let o(t) = -4*t**3 + 2*t - 6*t**3 + 9*t**3 - t**2 - 1. Let j be o(1). Is (-1199 - 4/j)*-1 a composite number?
True
Is (-4001087)/(-10) + 27/90 a prime number?
True
Let i(y) = y**3 - y - 272. Let g be i(0). Let m be 32/g - 32/17. Is m/3 - 5756/(-12) prime?
True
Suppose 0 = 21*h - 101413 - 4365308. Is h a composite number?
False
Suppose -95978 = -2*z + y, 57685 = 3*z + 3*y - 86255. Is z a prime number?
False
Is 48/176 + 8819596/22 a prime number?
False
Let m(u) = 74*u**2 - 3*u + 34. Let z be m(17). Let y = -14954 + z. Is y composite?
True
Let j be (40/(-12))/(7/(-63)). Suppose -j*v - 4731 = -33*v. Is v composite?
True
Let p(u) = 2*u. Let a(j) = 1159*j + 58. Let w(i) = a(i) - 4*p(i). Is w(5) a prime number?
True
Let w be -16 - (0 + 0/2). Suppose 15*b - 6326 + 5621 = 0. Let p = b + w. Is p prime?
True
Let q(d) = -d**2 - 4*d - 9. Let c be q(-3). Is 7/((-42)/9)*3620/c a composite number?
True
Suppose 116 = 5*j - 2*s - 184, 2*s = j - 60. Let l = j + -55. Suppose -10511 = -l*f - 2*k - k, -2*f + 3*k = -4196. Is f a prime number?
False
Suppose -30 = 5*d, 5*i - 64471 - 141246 = -8*d. Is i a composite number?
True
Let i(z) = 605*z**2 + 74*z - 7. Is i(-16) prime?
True
Let j = 40 - 43. Let t be (-3 - j - 1) + 1644. Suppose 5*u - s + t = 4404, 5*s + 2192 = 4*u. Is u a prime number?
False
Suppose 0 = 5*q + 3*o - 26380, 4*q - o - 4*o = 21104. Let s = 4056 + q. Suppose l + s = 5*l. Is l prime?
True
Let r(h) = -h**3 + 31*h**2 - 17*h - 105. Let g be r(30). Let c = 1079 - g. Is c composite?
True
Let s(a) = -a**3 + 2*a**2 - 2*a + 15. Let y be s(3). Let o(t) = -t + 4711. Let c be o(y). Suppose 0*i + c = 5*i + 3*b, -2*b + 945 = i. Is i a composite number?
False
Let l be (4 - (-16616 - 3))*1*3. Suppose 6*g - 33*g = -l. Is g prime?
True
Let v(c) = c - 40 + 22 + 11*c + c**2. Suppose -4*b = -4*m + 5 - 57, -2*m - 14 = -5*b. Is v(m) prime?
True
Let h = -63419 + 216400. Is h a prime number?
True
Suppose -35*u + 426122 = -1375121 + 177838. Is u prime?
False
Suppose -38*f + 378 = -31*f. Is 10/(-12) - (-1328067)/f a prime number?
True
Let i = 111492 + -50239. Is i prime?
True
Suppose -8223490 = -292*x + 270*x. Is x prime?
False
Suppose -5*k = -15, q + 3*k - 13 = -k. Let g be (19*-5 - q)/(8 - 9). Suppose -i + 466 = 2*m, -4*i + m + g = -1732. Is i prime?
False
Let o be 5/(7 + -2) - -4. Suppose -k - 3 = 2*k, 0 = 2*t + o*k - 2289. Is t composite?
True
Suppose 0 = 57*w - 56*w - 11. Suppose -w*h = -9 - 35. Suppose 3*n - 1223 = h*b, -5*n + 6*n - 2*b - 407 = 0. Is n a composite number?
False
Suppose 0 = 7*n - 57 + 43. Suppose -3*t + 2*t = -4*i + 14343, n*t = i - 3577. Is i prime?
False
Suppose 19*n - 882864 = 15*n + 5*s, 0 = 2*n - s - 441438. Is n composite?
False
Is ((-6)/33 - (-624036)/396)/(2/6) a composite number?
True
Let r be 4/10 - (-146)/10. Suppose -7*q = -r*q. Is (2/(-6) + q)*(-2046 - 3) a prime number?
True
Let w = 196 + -196. Suppose -2*j - 14*j + 31456 = w. Is j prime?
False
Suppose 0 = 5*l + 5*t - 7 + 2, 0 = 5*l + 3*t - 7. Let k be 1/(4/(-6) - l/6). Is 221 + (3 - 0) + k composite?
False
Let x be 2/3*(-219)/146. Let f(t) = 877*t**2 - 5*t - 5. Is f(x) a prime number?
True
Let i(y) = -9*y + 2*y**2 - 13*y - 2*y**3 + 49 - 11*y**2 + 10*y. Is i(-17) prime?
False
Suppose -2*l - 2*j + 2 = 0, 0*l + l - j = 1. Let a(s) = 986*s - 1. Is a(l) a prime number?
False
Let b(x) = 311*x**2 - 305*x**2 - 3*x - 28 + 6. Is b(-7) prime?
True
Let l = 17 - 8. Suppose 5*k - l = 2*k. Suppose k*z + 50 - 533 = 0. Is z composite?
True
Let x = 388181 - 137607. Is x prime?
False
Suppose -171*a = -3*d - 174*a + 387000, -645007 = -5*d + 2*a. Is d a prime number?
True
Let f(i) = 585 - 1158 + 424 - 1317*i. Is f(-6) composite?
False
Let o(z) be the third derivative of -74*z**4/3 + 5*z**3/6 - 4*z**2 - 10*z. Is o(-15) composite?
True
Suppose 25*f + 29700 - 161225 = 0. Is f a composite number?
False
Suppose 201223 = 3*w + 4*t + 33866, -2*w + t + 111575 = 0. Is w composite?
False
Suppose 48*x = 44*x - 3*k + 155213, 6*k + 38837 = x. Is x a prime number?
False
Suppose u + 263538 = 4*f, 3*f + 27*u - 32*u - 197645 = 0. Is f composite?
True
Let m(u) = -25285*u - 990. Is m(-7) a composite number?
True
Suppose -446*i + 442*i - 3*p + 362179 = 0, p + 3 = 0. Is i prime?
True
Let t be (-4)/(-12)*0/(-1). Let c be 10*(2 + (-12)/4 + 0). Is (118 + t)*(-5)/c composite?
False
Let f = 311341 + 404242. Is f prime?
False
Let t(h) = -2*h + 1. Let u(f) = -68*f**2 - 6*f + 10. Let g(c) = 3*t(c) - u(c). Is g(-5) a prime number?
True
Let m = 3966 - 2229. Let q = -869 + m. Suppose 0 = -5*o + o + q. Is o prime?
False
Let h be (105/30)/(7/4). Suppose h*y - 1721 = 10361. Is y a composite number?
True
Suppose u + 3*g + 8 = 2*u, 2*u + 4*g - 36 = 0. Suppose u = 5*i - 1. Suppose 6*f - 3*f = z + 983, i*f - 1007 = -5*z. Is f prime?
False
Suppose -l + 5 = 0, 2 = -2*u - 2*l + 4*l. Is (-4 - (u - 7)) + -4 + 11974 composite?
False
Suppose -214414 = 7*p + 2*w - 4289241, -2910604 = -5*p + 3*w. Is p composite?
False
Let o(c) = 387*c - 197. Suppose 246 = 14*v + 8. Is o(v) a prime number?
False
Let o = -15326 - -75384. Is o prime?
False
Suppose -3*j + q = -23, -5*j + 10*j + 4*q = 61. Suppose j*n + 8*n = 21097. Is n prime?
False
Let n = 57316 + -30613. Suppose n = 4*r + 7171. Is r prime?
False
Is -155786*((-7 - (-70)/10) + (-3)/6) prime?
True
Suppose 0 = 5*b - 4*r + 7, 3*b - 2*r + 0 + 3 = 0. Is (-3)/((-3)/b*(-7)/(-17059)) prime?
True
Is ((-4069530)/80 + -5)/((-9)/72) prime?
True
Let r(m) = 1351*m**2 + 52*m - 181. Is r(3) a composite number?
True
Let m(i) = -102*i - 5. Suppose -l + 2 = -4. Suppose -2*h + 0 = l. Is m(h) a prime number?
False
Let a(q) = -6 + 307*q + 324*q - 220*q - 107 + 457*q. Is a(7) a prime number?
False
Let l = 54769 - 2818. Is l a prime number?
False
Let n(b) = -2*b**2 - 9*b - 9. Let q be n(-4). Let t be (8*(-24)/q)/(1/20). Let l = -299 + t. Is l composite?
True
Let y = -6758 - -9261. Is y a prime number?
True
Let g(f) = 422*f - 39. Let n(r) = -2109*r + 195. Let x(d) = 11*g(d) + 2*n(d). Is x(4) composite?
False
Suppose 16*m = 1803285 + 4385435. Is m composite?
True
Suppose -45*h + 43*h + 1241204 = 336510. Is h composite?
True
Let i(j) be the third derivative of 0*j - 7/60*j**5 + 0 - 9/40*j**6 - 5*j**2 - 1/8*j**4 + 1/2*j**3. Is i(-4) a composite number?
True
Let i(o) = -7*o**2 - 65*o - 260. Let c(f) = 2*f**2 + 22*f + 87. Let q(n) = -11*c(n) - 4*i(n). Is q(-19) a composite number?
False
Let b(p) = -22*p + 23. Suppose -3*z - 132 = 9*z. Is b(z) a prime number?
False
Let q(m) be the first derivative of -m**4/4 - 2*m**3/3 + 9*m**2/2 + 6*m + 3. Let z be q(-4). Is (0/z + (-6 - 293))*-1 a prime number?
False
Suppose -5*l = -a - 60708, 2*a - a + 2*l = -60687. Let y = a - -90388. Suppose 5272 = -3*g + y. Is g a composite number?
True
Let k(z) = z**2 + 0*z**2 - 1 + 0 + 3. Let l be k(4). Is 1*(-6)/(l/(-159)) a composite number?
False
Is (-10)/2 + -1 + 1 + 3994 a prime number?
True
Let s = -56 + 62. Is s*(6 - 5226/(-12)) composite?
True
Let c = 494 - -1992. Let d = 3887 + c. Is d a prime number?
True
Is 257253 - (16 - 6 - 24) a prime number?
False
Let r(s) = -289*s**3 - 9*s**2 - 19*s - 78. Is r(-7) prime?
False
Let m = -209 - -219. Let p(j) = 300*j - 37. Is p(m) composite?
False
Let p(j) = 100110*j - 161. Is p(1) composite?
True
Suppose n + 4 = 0, -4*s - 5*n - 5 = -29. Suppose -7*w - 12508 = -s*w. Is w composite?
True
Suppose 0 = 7*u - 8*u - 3*f + 9, f = 2. Let n(i) = 4*i**3 + 2*i**2 - 4*i + 4. Let l be n(u). Let k = 73 + l. Is k prime?
True
Suppose -6*q + 5491 = -5*q + c, -4*c = -3*q + 16508. Let d = 9388 - q. Let l = d - 1311. Is l a composite number?
True
Let g(w) = 748*w - 130. Is g(23) a composite number?
True
Let q be 10/8 + ((-675)/60 - -12). Suppose 2*a + 3*l = 5201, 3*a + q*l - 7802 = -3*l. Is a prime?
False
Suppose -4*i = 3*r - 93397, -r + 23916